t is the thousands digit of 373410026?
0
What is the ten thousands digit of 7725051041?
5
What is the hundred thousands digit of 4457879?
4
What is the millions digit of 350284054?
0
What is the hundred millions digit of 1524822258?
5
What is the ten thousands digit of 23448072?
4
What is the millions digit of 220319216?
0
What is the millions digit of 14267462?
4
What is the ten thousands digit of 1154652902?
5
What is the hundreds digit of 34170002?
0
What is the units digit of 3161240177?
7
What is the units digit of 1308508720?
0
What is the millions digit of 3004191154?
4
What is the units digit of 51821297?
7
What is the units digit of 1643813481?
1
What is the billions digit of 1007192140?
1
What is the ten thousands digit of 1803678453?
7
What is the ten millions digit of 687637215?
8
What is the millions digit of 84357137?
4
What is the hundred thousands digit of 1227129772?
1
What is the tens digit of 860271455?
5
What is the tens digit of 20460056?
5
What is the ten thousands digit of 366777?
6
What is the millions digit of 5273413998?
3
What is the units digit of 333583583?
3
What is the hundred millions digit of 3875740387?
8
What is the ten millions digit of 233153888?
3
What is the hundreds digit of 127905872?
8
What is the ten millions digit of 4573292688?
7
What is the hundreds digit of 157804231?
2
What is the thousands digit of 42554993?
4
What is the thousands digit of 7219845037?
5
What is the hundred thousands digit of 514451117?
4
What is the units digit of 238737576?
6
What is the hundred thousands digit of 295851330?
8
What is the hundreds digit of 1012120453?
4
What is the hundred thousands digit of 1994949691?
9
What is the hundred thousands digit of 34051570?
0
What is the hundreds digit of 10091485?
4
What is the ten thousands digit of 727707573?
0
What is the hundred thousands digit of 142643880?
6
What is the millions digit of 390329543?
0
What is the ten thousands digit of 3042592723?
9
What is the thousands digit of 159041159?
1
What is the hundred millions digit of 526269124?
5
What is the ten millions digit of 345759913?
4
What is the hundreds digit of 3606614517?
5
What is the ten millions digit of 756225222?
5
What is the units digit of 42697082?
2
What is the hundreds digit of 1958472353?
3
What is the hundred thousands digit of 3302588546?
5
What is the hundreds digit of 694363056?
0
What is the units digit of 966029307?
7
What is the units digit of 1094295737?
7
What is the ten thousands digit of 16987218?
8
What is the tens digit of 16763870?
7
What is the ten thousands digit of 4305901472?
0
What is the millions digit of 55376095?
5
What is the hundred millions digit of 412999811?
4
What is the ten millions digit of 216847316?
1
What is the ten thousands digit of 431279079?
7
What is the units digit of 230590678?
8
What is the ten millions digit of 220853061?
2
What is the hundred thousands digit of 128952606?
9
What is the ten thousands digit of 6334517078?
1
What is the ten thousands digit of 3116959864?
5
What is the hundred millions digit of 361609412?
3
What is the units digit of 16560315?
5
What is the units digit of 1942192214?
4
What is the hundred millions digit of 101061236?
1
What is the hundreds digit of 621741332?
3
What is the billions digit of 3963702651?
3
What is the millions digit of 1307657835?
7
What is the ten thousands digit of 9123670?
2
What is the millions digit of 113540937?
3
What is the thousands digit of 2047101792?
1
What is the hundreds digit of 77762522?
5
What is the hundreds digit of 50528266?
2
What is the tens digit of 594293655?
5
What is the millions digit of 23828835?
3
What is the ten thousands digit of 386543656?
4
What is the ten thousands digit of 2049452400?
5
What is the ten millions digit of 146841105?
4
What is the units digit of 82828669?
9
What is the hundred thousands digit of 48005455?
0
What is the hundreds digit of 15978588?
5
What is the thousands digit of 5830049237?
9
What is the hundred thousands digit of 1698970941?
9
What is the ten millions digit of 2415311187?
1
What is the ten thousands digit of 33158539?
5
What is the ten thousands digit of 1699952801?
5
What is the tens digit of 62058314?
1
What is the hundred thousands digit of 4257575861?
5
What is the millions digit of 84509421?
4
What is the thousands digit of 3261157361?
7
What is the ten thousands digit of 33191250?
9
What is the ten millions digit of 351244674?
5
What is the hundreds digit of 212630089?
0
What is the ten millions digit of 248428659?
4
What is the hundred thousands digit of 2633074814?
0
What is the millions digit of 33124324?
3
What is the ten millions digit of 3080711305?
8
What is the tens digit of 166144198?
9
What is the millions digit of 4492826005?
2
What is the millions digit of 287175014?
7
What is the ten millions digit of 98036466?
9
What is the hundred thousands digit of 53539618?
5
What is the hundred millions digit of 503916579?
5
What is the ten millions digit of 33873038?
3
What is the hundred thousands digit of 2524331634?
3
What is the tens digit of 3996283?
8
What is the hundred thousands digit of 1677555096?
5
What is the ten millions digit of 68457203?
6
What is the tens digit of 19877779?
7
What is the thousands digit of 1260097529?
7
What is the ten thousands digit of 3803172313?
7
What is the millions digit of 54342305?
4
What is the hundred millions digit of 1134194068?
1
What is the tens digit of 8489624069?
6
What is the tens digit of 34530102?
0
What is the hundred thousands digit of 43701160?
7
What is the ten millions digit of 149244512?
4
What is the tens digit of 2900627974?
7
What is the hundreds digit of 6769300317?
3
What is the ten thousands digit of 8334726234?
2
What is the thousands digit of 199775611?
5
What is the thousands digit of 2446046458?
6
What is the millions digit of 899728976?
9
What is the hundreds digit of 25023310?
3
What is the units digit of 53505123?
3
What is the units digit of 198438796?
6
What is the hundred thousands digit of 17495172?
4
What is the ten thousands digit of 41354650?
5
What is the thousands digit of 3419814477?
4
What is the ten thousands digit of 575880631?
8
What is the units digit of 72983142?
2
What is the units digit of 629426947?
7
What is the millions digit of 895832996?
5
What is the ten millions digit of 1783256638?
8
What is the ten thousands digit of 393654544?
5
What is the hundred millions digit of 2782667185?
7
What is the ten thousands digit of 3526527314?
2
What is the ten millions digit of 198962554?
9
What is the ten thousands digit of 3176765647?
6
What is the hundred millions digit of 4840959833?
8
What is the ten millions digit of 193245302?
9
What is the units digit of 35006202?
2
What is the ten millions digit of 5421403564?
2
What is the hundreds digit of 377788631?
6
What is the ten thousands digit of 1456211095?
1
What is the ten millions digit of 101438915?
0
What is the tens digit of 13457785?
8
What is the units digit of 2787143?
3
What is the hundred thousands digit of 134943895?
9
What is the billions digit of 2895249901?
2
What is the hundreds digit of 111622002?
0
What is the units digit of 85091818?
8
What is the tens digit of 65095912?
1
What is the hundreds digit of 5174183075?
0
What is the tens digit of 283849247?
4
What is the hundreds digit of 111257608?
6
What is the units digit of 571314819?
9
What is the ten thousands digit of 1260593472?
9
What is the hundred millions digit of 1959755006?
9
What is the hundreds digit of 249010157?
1
What is the ten millions digit of 515548351?
1
What is the hundred millions digit of 121664278?
1
What is the units digit of 25886608?
8
What is the thousands digit of 2048226947?
6
What is the millions digit of 28655787?
8
What is the hundred thousands digit of 970340427?
3
What is the hundreds digit of 276902710?
7
What is the tens digit of 348467040?
4
What is the ten thousands digit of 289009352?
0
What is the billions digit of 3034133690?
3
What is the millions digit of 8034462?
8
What is the ten millions digit of 610481314?
1
What is the tens digit of 2819297178?
7
What is the ten thousands digit of 9696656?
9
What is the tens digit of 971787626?
2
What is the millions digit of 1772978651?
2
What is the hundre